+ 1).
84
Suppose 88 = 6*f + 10. Let t = 1295 - 1288. What is the remainder when f is divided by t?
6
Let x(r) = -2*r**3 - 12*r**2 - 5*r - 6. Let s(o) = o**2 + 2*o - 21. Let d be s(3). Let f = -10 + 126. What is the remainder when f is divided by x(d)?
20
Let m be 73/(-4*1/1156). What is the remainder when 4/(-14) + m/(-119) is divided by 12?
9
Let k(r) = 28*r + 6784. What is the remainder when k(-39) is divided by 121?
5
Let n = -21255 - -21432. What is the remainder when n is divided by 32?
17
Let h(t) = -t**3 - 7*t**2 + 3*t + 24. Let q be h(-7). What is the remainder when q/10 - 267480/(-400) is divided by 56?
53
Let b(m) = -15*m + 20. Let d(a) = -a**2 + 14*a + 175. Let w be d(22). Calculate the remainder when 594 is divided by b(w).
34
Suppose d - 226 = -4*d - 3*l, 0 = 2*d - 4*l - 106. Let b be (-2 - 9/6)*(-12)/21. Suppose -b*o - 70 = -9*o. Calculate the remainder when d is divided by o.
7
Let z(l) = -l**3 + 7*l**2 - 5*l + 8. Let v(r) = r**2 + r - 1. Let a(y) = 2*v(y) - z(y). What is the remainder when 44 is divided by a(4)?
0
Suppose 238 = -3*n + 4*n + 5*s, -5*s = -25. Calculate the remainder when n is divided by 58.
39
Suppose -200*l = -175*l - 7275. What is the remainder when l is divided by 54?
21
Let v be (-16)/8 + -2 - (-1584)/2. Let l = 811 - v. What is the remainder when 38 is divided by l?
15
Suppose -1429*l - 268 - 51 = -1458*l. Calculate the remainder when 832 is divided by l.
7
Suppose -20*r + 25*r + 3*u = 3010, 2*u + 615 = r. Calculate the remainder when r is divided by 1.
0
Let x be (-8)/28 + (-982)/(-7) + -2. Calculate the remainder when (-69)/x - (-262)/4 is divided by 25.
15
What is the remainder when (-2 - 604/16)/(21/(-3304)) is divided by 184?
182
Let j(s) = -2*s**3 - 22*s**2 - 19*s - 45. Calculate the remainder when j(-12) is divided by 48.
39
Let h = -972 + 1018. Calculate the remainder when 224 is divided by h.
40
Let p(s) be the second derivative of 29*s**4/12 - 13*s**3/6 + 3*s**2/2 + 20*s. What is the remainder when p(-3) is divided by 61?
59
Suppose 122 = 13*p + 31. Let w(i) = 3*i**2 - 3*i + 6. Calculate the remainder when w(p) is divided by 9.
6
Let u be 34/(-136) - 319*(-1)/(-4). Calculate the remainder when 26 is divided by (0 - (-1)/(-2))*u/4.
6
Let g(r) = r**2 + 8*r - 3. Let n be g(-3). Calculate the remainder when 8*3*(-24)/n is divided by 10.
2
Let n be (30/9)/((-4)/(-6)). Suppose 5*a + n = 160. Suppose -5*o = -g + 6 + a, -5*g - 3*o = -325. Calculate the remainder when g is divided by 13.
10
Suppose 317*f + 1335 = 332*f. Suppose -5*y = 0, 3*c - 4*y - 214 = f. Calculate the remainder when c is divided by 39.
23
Let k(c) = 1088*c - 893. Calculate the remainder when k(1) is divided by 100.
95
Let z(c) = 35*c**2 - 1. What is the remainder when z(1) is divided by (-1144)/(-52) + (15/(-20))/(2/24)?
8
Suppose -3959 = -29*q - 305. Let u = q - 104. What is the remainder when u is divided by 3?
1
Suppose -5*z + 17*z = 108. Let h be (-96)/z*(-6)/4. Let l(k) = 5*k - 52. What is the remainder when 109 is divided by l(h)?
25
Suppose 3*h - 139 = 23. Calculate the remainder when h is divided by (-37)/(481/(-130)) - (-3 + 1).
6
Suppose -4*l = l. Let y = -602 - -606. Suppose y*x - 64 - 56 = l. What is the remainder when x is divided by 16?
14
What is the remainder when 531/118*174/9 is divided by 10?
7
Let w = 58 + -56. Let v be w/(-4) - (-2)/4. Suppose m - 2*q - 11 = 0, v = -6*m + 10*m + q - 80. Calculate the remainder when m is divided by 12.
7
Let g(r) be the second derivative of 3/2*r**2 + 1/6*r**3 + 0 + 6*r. Calculate the remainder when 9 is divided by g(2).
4
Let d = 9 - 3. Let k = 3 + d. Suppose 146 = -2*b + 154. What is the remainder when k is divided by b?
1
Calculate the remainder when 218 is divided by 5700/120 - (-2 + 1/2).
22
Suppose 0 = 2*x + w + 911, 2290 = -5*x + 4*w - 9*w. Let i = 612 + x. What is the remainder when i is divided by 44?
27
Let z(a) be the second derivative of -7*a**2 + 7/6*a**3 - 6*a + 0. What is the remainder when z(6) is divided by 17?
11
Let w(d) = 12*d + 7. Suppose n + 9*s - 12*s - 703 = 0, 4*n - 2776 = 3*s. Suppose -79*r = -n - 99. What is the remainder when w(5) is divided by r?
7
Suppose -328 = -2*k - 2*d, -4*k - 24 + 680 = -5*d. Suppose -5*z + 9*z = -4*t + k, 203 = 5*z + 4*t. What is the remainder when z is divided by 9?
3
Let t = -48 - -90. Let n be ((-60)/8 + 7)/(2/(-36)). Suppose -51 = n*k - 159. What is the remainder when t is divided by k?
6
Let f(i) = i**2 - 80*i - 7200. Let a = 521 + -284. Suppose -p + 137 = 2*s, -3*p + 186 = 2*s - a. Calculate the remainder when p is divided by f(134).
35
Let v = 1244 + -796. Suppose 13*t = -123 + v. Calculate the remainder when 124 is divided by t.
24
Let x(z) = 14*z**2 + 53*z + 80. Let v(t) = -5*t**2 - 18*t - 27. Let y(d) = -11*v(d) - 4*x(d). Calculate the remainder when 18 is divided by y(-3).
8
Suppose 20 = 10*d - 12*d. Let i(n) = -n**2 - 18*n + 27. Let p be i(d). Suppose 4*k - 177 = p. What is the remainder when k is divided by 36?
35
Suppose 927 = 6*g + 3855. What is the remainder when (2 + 0)/(8/g*-2) is divided by 8?
5
Suppose -34*r - 37*r - 63882 + 231229 = 0. What is the remainder when r is divided by 585?
17
Suppose 49*a = 58*a - 45. Suppose -a*o + 2 + 193 = 5*g, -4*o + g + 136 = 0. Calculate the remainder when o is divided by 10.
5
Suppose 5*o = -0*o - g + 2216, 4*o + 5*g - 1756 = 0. Let i(w) = 0*w**2 + 12 - 1 + o*w**3 - 445*w**3 - 2*w**2. What is the remainder when 86 is divided by i(0)?
9
Suppose 4*s - 1 = -3*u + 14, 4*u + s - 7 = 0. Calculate the remainder when (u - -3) + -18 + 24 is divided by 4.
2
Suppose -2*z - 3*n + 869 = 0, -6 = -0*n - 2*n. Calculate the remainder when z is divided by 145.
140
Suppose 0*v + 26*v - 156 = 0. Let f(u) = 3*u**2 - 3*u - 3. Let z be 2/8 + (-27)/12. Calculate the remainder when f(z) is divided by v.
3
Suppose -15*d = -127 + 7. Suppose 0 = -d*t + t + 84. Suppose 0 = -t*p - 0*p + 504. Calculate the remainder when p is divided by 18.
6
Let o = 230 - 92. Let f = 16 + o. Calculate the remainder when f is divided by 53.
48
Let z be 2/15 + 1036/105. Let a be 4*(815/z - 3). Suppose -4*y + a = -158. What is the remainder when y is divided by 12?
10
Let k(q) = -459*q - 782. What is the remainder when 2171 is divided by k(-2)?
131
Let n = 115 - 101. Let v(a) = 8*a - 6. Let k be v(7). Suppose -16*j + k = -n. What is the remainder when 29 is divided by j?
1
Suppose -470 = -i - 4*t, 0 = 4*i + 585*t - 587*t - 1934. What is the remainder when i is divided by 248?
234
Suppose -s - 3*s = -504. Let h = -45862 + 45894. Calculate the remainder when s is divided by h.
30
Let u = -139 + 139. Suppose 156 = 4*n - u. Calculate the remainder when n is divided by 20.
19
Let r = 82 + -78. Suppose 3*k - 4*x - 68 = 0, 16 = r*k + x - 43. What is the remainder when 61 is divided by k?
13
Let x(i) = -78*i**3 + 7*i**2 + 6*i - 2. Calculate the remainder when 413 is divided by x(-1).
28
Let a(o) = 16*o + 1. Suppose 0 = -7*w + 5*w + 88. Let j = w + -13. Calculate the remainder when j is divided by a(1).
14
Let b = -359 + 202. Let x = b + 200. Calculate the remainder when 125 is divided by x.
39
Let h = 4359 + -4335. Calculate the remainder when 197 is divided by h.
5
Let h(b) = 163*b - 91. Let z be h(13). Suppose 6*k + 222 = z. What is the remainder when k is divided by 34?
29
Suppose 2*c - 59 = -51*n + 54*n, -c + n + 33 = 0. What is the remainder when 81 is divided by c?
1
Suppose 0 = -4*f - f + 305. Let z(w) = 11*w**2 - 76*w - 293. What is the remainder when z(-5) is divided by f?
57
Let o be 16 - ((-7)/(-1) - 3). Let u(a) = a**3 - 13*a**2 + 11*a + 13. Let v be u(o). What is the remainder when ((-6)/3)/2*v*-17 is divided by 5?
2
Calculate the remainder when 186 is divided by (0 + 2)*(6/36)/(6/90).
1
Let c = 15714 + -15523. What is the remainder when 984 is divided by c?
29
Let i(a) = 6*a**2 + 11*a - 45. Let j(o) = -o**3 + o + 1. Let w(h) = -i(h) - j(h). Calculate the remainder when w(8) is divided by 11.
10
Let n be 3*2/(-6) - (-1)/1. Suppose n = 12*f + 9*f - 2415. Calculate the remainder when f is divided by 17.
13
Let d(i) = -i**3 - 13*i**2 + 37*i + 187. Calculate the remainder when 217 is divided by d(-15).
53
Let a = 284 - 291. Let t(w) be the second derivative of -w**5/20 - w**4/2 + w**3 - w. Calculate the remainder when 17